ive w(-3).
-5
Suppose -4*x + 0*x - j = 1, -9 = -3*x - 4*j. Let t(d) be the third derivative of -4*d**5/15 + d**4/24 + d**3/6 + 26*d**2 + 7*d. Give t(x).
-16
Let g be (18/6 + 0)/1. Suppose i + 0*j = -j + 2, g*j + 1 = 4*i. Let r(a) = 20*a**2 - a. Calculate r(i).
19
Let z(w) be the third derivative of 1/6*w**3 - 1/24*w**4 + 0*w + 15*w**2 + 0. Give z(4).
-3
Suppose 0 = -5*v + 34 + 41. Suppose -v = 4*o - 5*w, 2*w - 6 = 4*o - 2*o. Suppose o = k + 5. Let m(f) = -2*f + 1. Determine m(k).
11
Let f(j) = -2*j**2 + 13*j + 7. Suppose -71*q + 87 = -339. Calculate f(q).
13
Let o = -1 - -37. Let f = 41 - 71. Let u be o/(-20)*f/9. Let m(z) = -z**3 + 5*z**2 + 5*z + 1. What is m(u)?
-5
Let m = -120 - -131. Let d(i) = i - 555 + 0*i + i**3 - 11*i**2 + 550 + 0*i. Determine d(m).
6
Let g(v) be the third derivative of -v**5/60 + v**4/8 + v**3/6 - v**2. Suppose -h = -5*o + 33, 7*h - 39 = 5*h - 5*o. Give g(h).
3
Let x(q) = -q + 21. Let p(j) = -5. Let g(i) = 4*p(i) + x(i). Calculate g(-6).
7
Let i(l) = -13*l**3 + 10*l - 2 - 6*l**2 + 4*l**3 + 8*l**3 - 3*l. What is i(-7)?
-2
Suppose 3*x - x = 2. Let q(j) = -3*j**2 - 1 + 1 + x - j. Determine q(-2).
-9
Let c(u) = -u**2 - 6*u - 8. Let v = 98 + -106. What is c(v)?
-24
Let p(r) = -13337*r + 6671*r + 6665*r. Suppose 2*o - 2 = -3*y, -5*y = 4*o + o. Let m be (21/(-6))/(1/y). Determine p(m).
7
Let o = 38 - 35. Let v(h) = 0*h - o + 3 - 6*h - 3. What is v(-2)?
9
Let x = 571 - 573. Let v(y) = -4*y. Give v(x).
8
Let t(g) = -2*g. Let l(u) = -u**2 + 4*u + 26. Let k = -57 + 64. Let i be l(k). Give t(i).
-10
Let c(g) = 3*g**2 + 17*g - 70. Let k be c(3). Let y(z) = z**3 - 8*z**2 + 3*z + 1. Calculate y(k).
25
Let w be (-15)/9 - (-2)/(-6). Let r(x) = -10629*x**2 - 3*x**3 + 3*x + 21316*x**2 + 2 - 10686*x**2. What is r(w)?
24
Let f(d) be the second derivative of 3/2*d**2 - 12*d - 1/6*d**3 + 0. What is f(5)?
-2
Let u(z) = 6*z - 9. Suppose -11 = -2*p + y, -100*p + y + 25 = -96*p. Determine u(p).
33
Suppose i = -2*i - 12. Let n(q) be the second derivative of -2*q**3/3 - 3*q**2/2 - 3*q + 103. Calculate n(i).
13
Let i(k) = 5*k + 5*k - 10 - 4*k**2 + k**3 - 11*k - 2*k**3 - 6*k**2. Determine i(-10).
0
Let i(x) = 28*x**3 + 6 - 3*x**2 + 8*x**2 - 15*x**3 - 7*x**3 + x - 7*x**3. What is i(6)?
-24
Let u(m) = m + 1. Let g = -15 + 21. Give u(g).
7
Let w(h) = -5 + 436*h - 216*h - 218*h. Suppose 17 + 8 = -5*p, 3*b - p - 17 = 0. Determine w(b).
3
Suppose 3*s + 4*m = 8 + 21, 20 = 4*m. Let o(t) = -20*t - 2*t**3 + 8*t - 1 + 9*t + t**s - 4*t**2. Suppose -a + 2 = 0, 0 = -3*k + 6*a - 4*a - 13. Determine o(k).
-1
Let l(d) be the first derivative of d**2 + 6*d + 272. What is l(-14)?
-22
Let u = 142 + -142. Suppose 0 = d, -3*h + u*d + 18 = 2*d. Let n(t) be the second derivative of t**5/20 - t**4/2 - t**2/2 - 2*t. Determine n(h).
-1
Let m be (-1)/((-11)/5 - -2). Let q(v) = -v**2 - v + 7. Give q(m).
-23
Let u(s) = s - 2*s + 0*s + 10. Let k = 22 + -22. What is u(k)?
10
Suppose -75*a + 89*a - 98 = 0. Let q(i) = -i**3 + 6*i**2 + 8*i - 9. Give q(a).
-2
Let r(l) = l - 1. Let x(m) be the second derivative of m**3/6 + m**2 + 2*m. Let f = 5 - 5. Let p be x(f). Calculate r(p).
1
Let w = -11 - -31. Let c = w - 25. Let q(b) = -b**3 - 6*b**2 - 5*b - 7. Calculate q(c).
-7
Let s(a) = -28 - 79 + 200 - 13*a. Calculate s(7).
2
Let r(a) be the third derivative of a**6/120 - a**5/10 + 5*a**4/24 - 5*a**3/6 + 78*a**2. Calculate r(5).
-5
Let w(t) be the second derivative of t**4/12 + 4*t**3/3 - 13*t**2/2 + 110*t. Give w(-9).
-4
Let f = 17 - 10. Let p(l) be the first derivative of l**4/12 - 5*l**3/6 - 5*l**2/2 + 48*l - 46. Let q(g) be the first derivative of p(g). Determine q(f).
9
Suppose -a + 24 = a. Suppose a = 5*i - 8. Let s(n) = -4 + 4 - 5*n**2 + 5*n - 1 + n**3. Determine s(i).
3
Suppose -17*w + 402 = -176. Let j(n) = -w*n - 1 + 24*n + 14*n. Calculate j(-1).
-5
Let b(t) = -2*t**2 - 2*t + 4. Suppose 3*q - q - 6 = 4*l, -4*l - 1 = 3*q. Let a be -1*2 + (1 - 3). Let i = q + a. What is b(i)?
-8
Let d(o) be the first derivative of 1/30*o**5 + 0*o + 1/6*o**3 - 1/24*o**4 + 3 + 7/2*o**2. Let m(q) be the second derivative of d(q). Give m(1).
2
Let z(b) = -2*b. Let f(h) = h**2 + 15*h + 25. Let x be f(-12). Let w be (x - -9)/((-1)/3). What is z(w)?
-12
Let k(o) = 19*o - 49. Let w be k(3). Let s(p) = 0 - 2*p - 2 + 2*p - p. Determine s(w).
-10
Suppose 0 = -0*k - 2*k + 16. Let v(h) = -17*h - 4 + k*h + 10*h. Determine v(3).
-1
Suppose -5*d = 2*l - 2*d - 2, d + 4 = 0. Let i(h) be the first derivative of h**3/3 - 5*h**2/2 - 9*h - 5. Determine i(l).
5
Let d(v) = -v**2 + 7*v - 1. Suppose -2*q = z - 7, -18 = -5*q - 2*z + 1. Give d(q).
9
Let g(y) = -9*y - 2. Let a(f) = 25*f + 5. Let x(t) = -4*a(t) - 11*g(t). Give x(-7).
9
Let l(b) = 13*b + 135. Let d be l(-10). Let n(g) = g**3 - 7*g**2 + 12*g - 4. Give n(d).
6
Let z(x) be the second derivative of x**5/20 - x**4/2 + 7*x**3/6 - x**2 - 17*x - 2. Let k be -1*1 + 48/8. Determine z(k).
8
Let z be 77/56 - (-6)/(-16). Let u(q) = -13*q - 10*q + 6*q + z. Determine u(1).
-16
Let d = 20 - 17. Let r(l) = 3*l**3 - 9*l**2 + 10*l - 6. Let i(f) = -2*f**3 + 6*f**2 - 7*f + 4. Let x(g) = 7*i(g) + 5*r(g). Give x(d).
1
Let x(u) be the first derivative of u**2/2 - 4*u - 538. Calculate x(11).
7
Let n(x) = -5*x + 7. Let s(c) = -6*c + 8. Let o(u) = 5*n(u) - 4*s(u). Let m = -125 + 122. What is o(m)?
6
Let p be 5/30*-4 - 38/(-3). Let t = p + -6. Let n(i) = -8*i**2 - 7*i - 17. Let d(m) = 3*m**2 + 2*m + 6. Let c(j) = -11*d(j) - 4*n(j). Give c(t).
2
Let l(f) = -30*f + 1. Let c be (21/(-6) + 2)*(-18)/27. Give l(c).
-29
Let z(t) = -3*t**3 + 0*t + 9*t**3 + 7 + t - t**2 - 7*t**3. Determine z(0).
7
Let c be (-3 + 1)/((-2 - 3)/5). Let g(j) be the first derivative of -10 + 0*j - 1/2*j**c. What is g(3)?
-3
Let j = -791 + 789. Let k(m) = -m**3 - m**2 - m. What is k(j)?
6
Suppose -2*n - 15 = -5*n. Let v(c) = n + 2*c + 5*c + 0 - 1 + c**2. Calculate v(-6).
-2
Let w(y) = 27*y. Let g = 574 + -576. Calculate w(g).
-54
Let s(i) = -i**3 - 3*i**2 + 14*i + 45. Let m be s(-3). Let g(f) be the second derivative of 1/6*f**m - 1/2*f**2 + f + 0. Determine g(3).
2
Let b(f) = 4*f. Let c(n) = 20*n. Let r(h) = 24*b(h) - 5*c(h). Let v(i) = i**2 + 8*i + 15. Let q be v(-9). Let m = -27 + q. What is r(m)?
12
Let h(a) = -a**2 + 3*a + 5. Let l be (-12)/9*36/16*-2. Calculate h(l).
-13
Let w = -173 + 167. Let u(l) = 3*l - 2. What is u(w)?
-20
Let b be (-8)/(-6)*(-6)/(-4). Let j(q) = 3*q - 5*q**b - 4 - 2 - 4*q + q**3. Let z = 14 + -9. Give j(z).
-11
Let l(q) = -q**2 + 2*q - 3. Let v be (0/58)/((2 - 1) + -2). Calculate l(v).
-3
Let k(g) = -g - 1. Let h(j) = j**3 + 23*j**2 + 5*j + 11. Let v(o) = 2*o**3 + 47*o**2 + 11*o + 21. Let t(c) = 9*h(c) - 4*v(c). Let u be t(-19). Determine k(u).
3
Let o(c) = c**3 + c**2 - c - 1. Let k(x) = -4*x**3 - 6*x**2 + 7*x**3 + 5 + x - 4*x**3. Let y(p) = k(p) + 2*o(p). Calculate y(3).
-9
Let y(q) = 4*q + 21. Let r be (1106/70 - 14)/((-6)/20). Calculate y(r).
-3
Let r(o) = 54 - 28 - 27 + o + 0*o. Let s(b) = -b**2 - 6*b + 9. Let u(c) = 3*r(c) + s(c). Determine u(-6).
-12
Let y(l) be the second derivative of l**4/12 - l**3/6 - l**2/2 + 9*l - 7. Calculate y(-1).
1
Let b(o) be the second derivative of -o**7/840 - o**6/90 + o**4/8 + 3*o**3/2 + 10*o. Let q(k) be the second derivative of b(k). Calculate q(-3).
-6
Let r(d) = d**2 + 6*d + 3. Let p be r(-6). Let a(o) be the third derivative of 0 + 5/24*o**4 - 1/20*o**5 - 1/2*o**p + 1/120*o**6 - 4*o**2 + 0*o. What is a(3)?
12
Let r(h) = -2*h**2 - 4*h - 2. Suppose 0 = 9*s - 46*s - 111. Calculate r(s).
-8
Let b(g) be the second derivative of 4*g**3/3 + 29*g. Let o(l) = -l. Let k(v) = -b(v) - 6*o(v). What is k(5)?
-10
Suppose -s - 7 = -b - 0*b, -8 = -4*b. Let m = s - -11. Let z(v) = v + 7. Determine z(m).
13
Let y(h) be the first derivative of 2*h**3/3 - 3*h**2/2 - 223. What is y(3)?
9
Let w(q) = -2*q - 2 + 3 - 6. Suppose -10 - 2 = -2*z. Suppose -z*r = -8*r - 10. Determine w(r).
5
Let k(q) be the third derivative of -q**4/24 - q**3/2 + q**2. Suppose 3*m + 105 = -4*m. Let c = 20 + m. Determine k(c).
-8
Let m(v) = -v**2 + 6*v + 2 + 0 - 1. Let w(q) = -q**2 - 16*q - 10. Let o be w(-15). Calculate m(o).
6
Let l(v) be the first derivative of v**2/2 - 4*v - 34. Let g be (1 + -6)/(4 + -5). Suppose 6*z = g*z + 4. Determine l(z).
0
Let u(y) be the second derivative of 2*y 